5
Let j(a) = 442*a + 429. Let s be j(-1). Let d(k) = 5*k + 22. Give d(s).
-43
Let n = -2697 + 2669. Let f(k) = -2*k**3 - 54*k**2 + 58*k + 50. Determine f(n).
-6
Let l(p) = p**2 - p - 6. Let w(t) = -2*t**3 - 19*t**2 - 10*t - 4. Let j(o) = -o**2 + 19*o - 57. Let q be j(16). Let n be w(q). What is l(n)?
14
Let p(k) = 7*k**2 - 2*k - 3. Let v(d) = 18*d - 324 + 33*d - 97*d. Let m be v(-7). Give p(m).
29
Let a(m) = -3*m**3 - 54 - 38 + 771*m**2 - m - 758*m**2 + 5*m + 4*m**3. Determine a(-12).
4
Let b(m) = m**2 - 75*m + 1051. Let o be b(19). Let f(g) = -g**3 - 13*g**2 - 5*g - 17. Give f(o).
48
Let m(z) = -2*z**2 - 7*z - 2. Let n(l) = -12*l**2 - 47*l - 3. Let p(b) = 5*m(b) - n(b). Calculate p(-8).
25
Let v be (2*17)/2 - (-12 - -13). Let k(o) = -v + o - 32 + 40. Calculate k(8).
0
Let v(q) be the first derivative of -q**5/120 - q**4/24 + 7*q**3 + 3*q - 53. Let w(u) be the third derivative of v(u). Calculate w(-9).
8
Let u(j) = -2*j**3 + 3*j**2 - 3*j - 5. Let m(x) = -9*x**2 + 24*x**2 - 3*x - 12*x**2 - 6 - 3*x**3. Let w(r) = -3*m(r) + 4*u(r). Give w(-5).
-37
Let a be -12 + -1 + (-24)/(-8). Let j = 8 + a. Let p(w) be the second derivative of w**4/6 + w**3/3 + w**2 - 3*w - 3. What is p(j)?
6
Let q(i) = i**2 + 6*i - 11. Let s(h) = h**3 - 7*h**2 + 4*h - 15. Let r be s(7). Let u be (-12)/(-3)*(-26)/r. Calculate q(u).
5
Let r(s) be the first derivative of -1/20*s**5 - 11 - 1/2*s**2 - 6*s + 0*s**4 + 2/3*s**3. Let z(k) be the first derivative of r(k). Determine z(3).
-16
Let t(a) be the second derivative of 1/20*a**5 - 1/6*a**3 + 0 - 2/3*a**4 - 13*a + 11/2*a**2. Give t(8).
3
Let p(u) = -2 - 1 - 12*u + 15*u - 5*u. Let s be 16 - 2/2*2. Suppose 2 - s = -2*h. Calculate p(h).
-15
Suppose -25 = 5*a - t - 68, -5*t + 17 = 4*a. Let p be 2*-7*(12/a - 2). Let d(v) = -v**2 + 0*v**2 + 38*v + 28*v**3 - 39*v - p*v**3. Determine d(-1).
-21
Let j(y) = -y**2 + y + 4. Suppose -1562 = 5*x - 1547, -2*s = -5*x - 29. Determine j(s).
-38
Let g(b) = -3*b + 7. Let n be (-2 - (-2 + -8)) + 15 + -16. Let j(f) = -2*f - 8 - 7 + 2 + n*f. Let a(m) = -7*g(m) - 4*j(m). Calculate a(-3).
0
Let q(y) be the third derivative of -y**4/24 - y**3 + 39*y**2. Let g = 76 - 85. Calculate q(g).
3
Let l(r) = 93*r**2 + 39*r - 45 - 92*r**2 - 39*r. What is l(8)?
19
Let t(v) be the second derivative of -v**6/360 - 3*v**5/20 - 7*v**4/12 - v**3/3 + v**2/2 + 161*v. Let y(s) be the second derivative of t(s). What is y(-17)?
3
Suppose 0*i - 4*i = -12. Let s(z) = -51226*z + 17077*z + 17075*z + z**2 + 4 + 17073*z. Give s(i).
10
Let k = -79 + 77. Let s(u) = -u + 15*u**2 + 2 - 5*u**2 - 7*u**2. What is s(k)?
16
Let t(x) = -x**2 - 2 + 0 - 1 - 6*x + 2. Let q(o) = o + 1. Let g(v) = 2*v - 7. Let a(r) = -g(r) - 6*q(r). Let k be a(1). Calculate t(k).
-8
Suppose -5*w = 9*w - 966. Suppose w - 61 = -2*z. Let n(i) = -3*i - 6. Calculate n(z).
6
Let c(t) = 6*t - 49. Let b be 555/(-1295) - 594/(-112) - (-2)/16. Give c(b).
-19
Let s(l) = -2*l**3 + l**2 + 3*l + 2. Let g = -191 + 190. Let j be s(g). Let b(z) = z - 3. Determine b(j).
-1
Let l(a) be the first derivative of -15*a**4/2 + a**3/3 + a**2/2 - a + 1142. What is l(1)?
-29
Let g(a) = -a**3 - 2*a**2 + 2*a + 2. Let l = -5828 - -5830. Give g(l).
-10
Let c = 9 - 2. Let x(f) = f - 1. Let a(i) = -10*i - 11 + 25*i - 6*i - 6*i. Let z(y) = -a(y) + 4*x(y). What is z(c)?
14
Let l(b) = 62 + 5*b**2 - 1334255*b - 6*b**2 + 1334239*b. Give l(-19).
5
Let x be (-5984)/(-1980) - 2/15 - 4/(-36). Let k(m) be the first derivative of -23 - 9*m - 1/4*m**4 - 7/2*m**2 - 8/3*m**x. Determine k(-7).
-9
Let i(q) = 961*q - 144144. Let z be i(150). Let c(r) = -r - r**3 + 6*r**2 - 4*r + 0*r + 7. Determine c(z).
-23
Let x(z) = -16*z**2 - 34*z - 60. Let n(w) = 3*w**2 + 8*w + 12. Let u(c) = 11*n(c) + 2*x(c). What is u(-17)?
-39
Let y(f) = f**3 + 16*f**2 + 10*f - 6. Let r(i) = -2*i**3 - 31*i**2 - 20*i + 13. Let w(m) = -3*r(m) - 5*y(m). Suppose -276*g = -285*g - 108. What is w(g)?
15
Suppose 0 = 3*u + 2*o - 15, -2*o + 27 = 4*u + 3*o. Let b(h) = -h + 5*h + u - h. Determine b(-5).
-12
Let m(k) = 3*k + 20. Let x(j) = 3*j + 20. Let t(r) = -7*m(r) + 6*x(r). Let z(l) = -85*l - 3324. Let y be z(-39). What is t(y)?
7
Suppose 1168 = -0*p - 3*p + 4*u, -4*p - 1599 = 3*u. Let k = 401 + p. Let s(l) = l**3 - 5*l**2 + 3*l - 11. Give s(k).
4
Let a(g) = -12*g - 182. Let z be a(-14). Let c(k) = k + 28. Let b be c(z). Let d(n) = n**2 - 16*n + 25. Calculate d(b).
-3
Let m be (-1 - -9)/((-3 - -4)/1). Suppose 8*y = 6*y. Let n(p) = 6*p - m*p + 1 + y*p. What is n(4)?
-7
Suppose 0*j - 5*j + 5 = 0, -2*a - 4*j = -8. Suppose 10 = -a*z, 2*y = 5*y + 5*z - 119. Let k be -1*(y/(-9) - 1/(-3)). Let f(b) = -b**2 + 4*b + 7. What is f(k)?
2
Let q(j) = 39*j. Let o(y) = 9*y. Let r(w) = 9*o(w) - 2*q(w). Let b = -18 + 20. Determine r(b).
6
Let l(n) be the third derivative of -n**6/120 - 11*n**5/60 - n**4/24 - 2*n**3 + 4*n**2. Let v be l(-11). Let d(r) = r + 14*r - 1 - 3*r. Give d(v).
-13
Let i(o) = -3*o**2 - 11 + 20 - 199*o + 5*o**2 + 194*o - 20. Determine i(-2).
7
Suppose -3*a + 11 = -2*t + t, 0 = 4*a + 4*t - 20. Suppose -l + 4*v = 6, 5*l - 2*v - 11 = -5. Let n(c) = -c**l + 3*c - 10 + 2 + 6. Calculate n(a).
-6
Let q(x) = -82*x**3 + 5*x**2 - 41*x + 83*x**3 - 131 + 9*x + 5*x**2 - 173. Give q(-10).
16
Let l(q) = q**3 - 9*q**2 + q - 7. Let h(k) = k**3 + 27*k**2 + 70*k - 27. Let i be h(-22). Let v = i + -844. What is l(v)?
2
Let x(v) = -225*v - 26 + 216*v + 14*v**2 + 34 + 2*v**3 - 3*v**3. Calculate x(13).
60
Let r(q) = q - 61. Let x(c) = -20*c + 190. Let f(i) = -6*r(i) - x(i). Give f(-14).
-20
Let a(s) be the first derivative of s**2 - 4163. What is a(5)?
10
Let k(l) = -3*l - 77. Let o(d) = 2*d**3 + 5*d**2 - 3*d - 26. Let z be o(-2). What is k(z)?
-29
Suppose 0 = g + 5*t + 30, -5*g - g - 5*t - 55 = 0. Let q(o) = -16*o - 96. Give q(g).
-16
Let g(k) = 17*k**2 - 8*k + 3. Let u = 32081 - 32079. What is g(u)?
55
Suppose 0*f + 3*f - 9 = 0. Let i be f*(2/6)/1. Let d(h) = -2*h**2 + 3*h. Let l(o) = -o. Let z(p) = d(p) + 2*l(p). What is z(i)?
-1
Let c(u) be the third derivative of -3*u**5/20 + u**4/12 + u**3/2 - 1705*u**2. Calculate c(3).
-72
Let f(a) = -a**3 + 4*a**2 - a + 15. Let v(s) = 205*s + 3694. Let g be v(-18). Give f(g).
11
Let p = 123886 + -123900. Let x(c) = -5*c**2 - c**3 - c**2 - 8*c**2 - 2. Determine x(p).
-2
Let n(v) = 1. Let o(d) = -6*d - 4. Let t(h) = 3*n(h) + o(h). Let y be (32/40)/(-2*1/(-65)). Suppose -z = -5*w + y, 4*w - 18 = -21*z + 19*z. Give t(z).
5
Let d(w) = -w**2 + 15*w - 21. Let a = -550 + 1006. Suppose a = 29*t + 50. Calculate d(t).
-7
Let i = -72 - -70. Let y be 128/(-48)*(-3)/i. Let q(b) = -b**3 - 3*b**2 + 4*b + 2. Calculate q(y).
2
Let w(h) = -2*h**2 - 4*h + 8. Suppose 5*z = -89*y + 84*y - 20, -5*y - 20 = -5*z. What is w(y)?
-8
Let b be 0/2*(-2 - -1). Let j(o) = o**3 - 4*o**2 - 7*o - 7. Let t(q) = -q**3 + 5*q**2 + 9*q + 8. Let k(c) = -4*j(c) - 3*t(c). Give k(b).
4
Let a(k) = 11*k + 3. Let o(d) = -20*d - 7. Let g(t) = 378*t + 133. Let h(i) = -4*g(i) - 77*o(i). Let p(v) = 5*a(v) - 2*h(v). Calculate p(-3).
4
Let y = -10773 - -10768. Let w(h) = 10*h - 14. Give w(y).
-64
Let o(h) be the first derivative of -h**3/3 - 13*h**2/2 - 27*h + 171. Calculate o(-6).
15
Let a(f) = 3*f**3 - 12*f**2 - 14*f - 8. Let k(m) = 4*m**3 - 12*m**2 - 15*m - 8. Let i(q) = -3*a(q) + 2*k(q). Let c be (10*14/35)/2 - -11. Determine i(c).
-5
Let k(u) be the second derivative of -6 - 1/12*u**4 + 9/2*u**2 + 3*u - 5/6*u**3. What is k(-5)?
9
Let d(l) be the first derivative of l**4/12 - 3*l**3/2 + 3*l**2/2 + 37*l + 68. Let u(b) be the first derivative of d(b). Give u(7).
-11
Let c(a) = 54*a**2 - 76*a + 102. Let i(o) = -19*o**2 + 26*o - 34. Let j(f) = 6*c(f) + 17*i(f). Calculate j(11).
1
Let k be (-12)/8*(-1 + (-3)/3). Let v(n) = -k*n - 323 + 323. Suppose 0 = 4*a + 2 + 6. Determine v(a).
6
Suppose 0 = 19*a + 1 - 58. Let z(c) = -2*c**2 + 2*c**3 + c + 23*c**3 - 17*c**a. Calculate z(1).
7
Suppose 0 = 3*z - f - 0 - 18, 0 = 3*f - 9. Let a(d) = z*d + 2 + 4 - 4. Determine a(2).
16
Let g(s) = -824*s - 806. Let m be g(-1). Let d(y) = -19*y**2 + y**3 - 5*y**3 + 5*y**3 - 19 + 1 + 19*y. What is d(m)?
0
Let j be 3348/(-756) + (-8)/14. Let z(r) = -r**3 - r**2 + r + 2. Let i(c) = -6*c**3 - 8*c**2 + 17*c + 15. Let y(p) = i(p) - 5*z(p). Determine y(j).
-5
Suppose -18 = l + l. Let q(i) be the seco